2674?
2548
What is the remainder when 28071 is divided by 5315?
1496
What is the remainder when 40719 is divided by 8401?
7115
What is the remainder when 6048638 is divided by 486?
368
Calculate the remainder when 295797 is divided by 49228.
429
Calculate the remainder when 3575224 is divided by 19.
13
What is the remainder when 1419435 is divided by 943?
220
Calculate the remainder when 2313624898 is divided by 20.
18
Calculate the remainder when 4164146 is divided by 41229.
17
Calculate the remainder when 12566 is divided by 683.
272
Calculate the remainder when 13608245 is divided by 50967.
56
Calculate the remainder when 83284217 is divided by 49.
44
Calculate the remainder when 125563 is divided by 24181.
4658
What is the remainder when 340459 is divided by 1032?
931
Calculate the remainder when 6377213 is divided by 5.
3
Calculate the remainder when 659251 is divided by 219747.
10
Calculate the remainder when 41846 is divided by 640.
246
What is the remainder when 132211 is divided by 26426?
81
Calculate the remainder when 3011152 is divided by 301114.
12
Calculate the remainder when 70402005 is divided by 14154.
9
What is the remainder when 149120 is divided by 1151?
641
Calculate the remainder when 491627 is divided by 3871.
10
What is the remainder when 592916 is divided by 118521?
311
Calculate the remainder when 19274570 is divided by 143840.
10
Calculate the remainder when 55997 is divided by 2334.
2315
Calculate the remainder when 325626 is divided by 2128.
42
Calculate the remainder when 5696077 is divided by 614.
613
What is the remainder when 432525 is divided by 1224?
453
What is the remainder when 57781 is divided by 3211?
3194
Calculate the remainder when 6007657 is divided by 750957.
1
Calculate the remainder when 4329947 is divided by 192.
155
What is the remainder when 5345875 is divided by 1069166?
45
What is the remainder when 194317 is divided by 12404?
8257
Calculate the remainder when 788344 is divided by 836.
832
Calculate the remainder when 86574 is divided by 83220.
3354
Calculate the remainder when 88060 is divided by 1089.
940
Calculate the remainder when 32451278 is divided by 1545296.
62
Calculate the remainder when 1351942 is divided by 36.
34
Calculate the remainder when 62142 is divided by 5637.
135
Calculate the remainder when 378798879 is divided by 66.
63
What is the remainder when 81422 is divided by 574?
488
What is the remainder when 7319979 is divided by 1045707?
30
Calculate the remainder when 414154 is divided by 207006.
142
Calculate the remainder when 6808510 is divided by 7.
2
What is the remainder when 344200 is divided by 347?
323
Calculate the remainder when 131804 is divided by 32721.
920
Calculate the remainder when 6904317 is divided by 1740.
1737
Calculate the remainder when 11268853 is divided by 6.
1
What is the remainder when 34887112 is divided by 836?
832
Calculate the remainder when 3626651 is divided by 700.
651
What is the remainder when 243187 is divided by 1492?
1483
What is the remainder when 1561527 is divided by 9?
0
Calculate the remainder when 7501934 is divided by 1690.
24
What is the remainder when 4201115 is divided by 1400277?
284
What is the remainder when 240601 is divided by 783?
220
Calculate the remainder when 9254946 is divided by 33.
30
Calculate the remainder when 5453001 is divided by 458.
53
What is the remainder when 860522 is divided by 51?
50
What is the remainder when 1916600 is divided by 628?
572
Calculate the remainder when 188165967 is divided by 26.
15
What is the remainder when 6247902 is divided by 19?
18
Calculate the remainder when 3123321 is divided by 1090.
471
What is the remainder when 294774 is divided by 111?
69
What is the remainder when 33908006 is divided by 5?
1
What is the remainder when 5618575 is divided by 189?
172
What is the remainder when 16707223 is divided by 407493?
10
What is the remainder when 451610 is divided by 12544?
26
Calculate the remainder when 79681272 is divided by 1792.
1784
Calculate the remainder when 139203 is divided by 2112.
1923
Calculate the remainder when 3368591 is divided by 17013.
17
What is the remainder when 274530 is divided by 1277?
1252
What is the remainder when 208175171 is divided by 12245598?
5
What is the remainder when 222931 is divided by 11536?
3747
What is the remainder when 4084249 is divided by 3171?
1
What is the remainder when 150177208 is divided by 547?
546
Calculate the remainder when 43703 is divided by 244.
27
Calculate the remainder when 4162061 is divided by 1095.
1061
What is the remainder when 7178846 is divided by 14?
10
Calculate the remainder when 12299618 is divided by 169.
136
Calculate the remainder when 601435 is divided by 200472.
19
What is the remainder when 1490098 is divided by 2642?
10
Calculate the remainder when 9873659 is divided by 2468401.
55
What is the remainder when 130721290 is divided by 2169?
2167
Calculate the remainder when 62541073 is divided by 4155.
13
Calculate the remainder when 288034418 is divided by 4196.
4194
Calculate the remainder when 586999 is divided by 26625.
1249
Calculate the remainder when 45298 is divided by 6427.
309
What is the remainder when 747122383 is divided by 11041?
11036
Calculate the remainder when 1830648 is divided by 337.
64
What is the remainder when 160376053 is divided by 1083?
1081
What is the remainder when 310465 is divided by 11085?
85
What is the remainder when 14568420 is divided by 1120642?
74
What is the remainder when 345811 is divided by 115148?
367
What is the remainder when 22391 is divided by 2487?
8
Calculate the remainder when 190462620 is divided by 2327.
2324
Calculate the remainder when 58176589 is divided by 32.
13
Calculate the remainder when 365139 is divided by 40395.
1584
What is the remainder when 107519294 is divided by 46?
44
What is the remainder when 133682316 is divided by 7278?
12
What is the remainder when 129974266 is divided by 134?
28
Calculate the remainder when 2743036 is divided by 1422.
1420
What is the remainder when 1208211 is divided by 43?
40
Calculate the remainder when 12903452 is divided by 115.
107
Calculate the remainder when 113938 is divided by 426.
196
Calculate the remainder when 3882509 is divided by 242655.
29
Calculate the remainder when 24225 is divided by 10757.
2711
What is the remainder when 169795 is divided by 6064?
3
What is the remainder when 32340240 is divided by 1628?
20
Calculate the remainder when 180891 is divided by 1190.
11
What is the remainder when 659208 is divided by 32?
8
What is the remainder when 5735543 is divided by 1433856?
119
What is the remainder when 1333186 is divided by 2176?
1474
What is the remainder when 359170 is divided by 2589?
1888
What is the remainder when 194066888 is divided by 1878?
2
What is the remainder when 208952 is divided by 104421?
110
What is the remainder when 139331 is divided by 351?
335
Calculate the remainder when 4330814 is divided by 41245.
89
What is the remainder when 953279 is divided by 18?
17
What is the remainder when 21784805 is divided by 59?
58
Calculate the remainder when 1615137 is divided by 39390.
147
Calculate the remainder when 338590 is divided by 141.
49
Calculate the remainder when 3914535 is divided by 2487.
2484
Calculate the remainder when 130792 is divided by 1866.
172
What is the remainder when 177016 is divided by 2462?
2214
Calculate the remainder when 62124 is divided by 1527.
1044
Calculate the remainder when 984619 is divided by 984619.
0
Calculate the remainder when 96513 is divided by 673.
274
Calculate the remainder when 19376 is divided by 2425.
2401
What is the remainder when 6814489 is divided by 104?
97
Calculate the remainder when 117252 is divided by 3085.
22
What is the remainder when 1266090 is divided by 22608?
42
What is the remainder when 19751 is divided by 2495?
2286
Calculate the remainder when 14949978 is divided by 747498.
18
What is the remainder when 118767597 is divided by 512?
493
Calculate the remainder when 1396707 is divided by 11543.
4
What is the remainder when 1291451 is divided by 8969?
8884
Calculate the remainder when 42933 is divided by 14303.
24
Calculate the remainder when 44888678 is divided by 151.
2
Calculate the remainder when 8346867